13) to base 8
71335
Convert c2b (base 15) to base 6.
20405
What is -13a39 (base 15) in base 4?
-33121032
2129 (base 13) to base 15
1568
-32264 (base 8) to base 2
-11010010110100
Convert 143 (base 11) to base 5.
1133
-21d1 (base 15) to base 16
-1c03
Convert -23304 (base 9) to base 2.
-11110011000100
-5831 (base 9) to base 8
-10341
-144300 (base 5) to base 13
-2a8c
Convert 15b1 (base 12) to base 9.
3477
-954 (base 13) to base 12
-b06
What is -88dd (base 16) in base 13?
-12c42
Convert -4244 (base 5) to base 4.
-20332
5a5 (base 11) to base 2
1011010000
-1b7 (base 14) to base 2
-101100101
What is 114332 (base 9) in base 16?
10cbe
What is 1015 (base 14) in base 6?
20443
-151152 (base 7) to base 15
-89e6
-46 (base 12) to base 3
-2000
What is -2aa (base 11) in base 9?
-442
Convert -214034 (base 5) to base 8.
-16342
Convert 22122021 (base 3) to base 5.
200143
What is 343 (base 14) in base 5?
10042
What is 31763 (base 9) in base 15?
6376
39b5 (base 16) to base 12
8671
Convert 1819 (base 11) to base 10.
2319
What is -2871 (base 16) in base 9?
-15173
Convert 10202201 (base 3) to base 10.
2746
Convert 18390 (base 12) to base 5.
2110400
100001110011100 (base 2) to base 6
212044
What is -3716 (base 11) in base 15?
-168c
Convert -3472 (base 8) to base 14.
-962
Convert 512 (base 7) to base 10.
254
4693 (base 16) to base 9
26704
-b41 (base 12) to base 7
-4522
Convert -1624 (base 9) to base 10.
-1237
Convert 2527 (base 8) to base 5.
20432
What is -109 (base 12) in base 15?
-a3
-11219 (base 10) to base 15
-34ce
Convert -21054 (base 7) to base 3.
-21010000
What is 101101100110011 (base 2) in base 12?
11617
What is 2002311 (base 4) in base 3?
102111010
957 (base 11) to base 10
1151
What is 10333 (base 5) in base 14?
394
Convert 3331221 (base 5) to base 6.
1125543
Convert 15250 (base 8) to base 7.
25616
Convert -162 (base 13) to base 8.
-371
10000111010110 (base 2) to base 4
2013112
Convert -13202 (base 7) to base 2.
-110111001010
What is 7362 (base 8) in base 11?
2969
113013 (base 6) to base 11
7345
What is -104402 (base 6) in base 16?
-2252
16d (base 14) to base 9
355
What is 1661 (base 11) in base 4?
201030
What is 110011011001110 (base 2) in base 14?
983c
-4551 (base 13) to base 11
-7318
What is 1011100001110011 (base 2) in base 5?
3002334
What is -10010100110011 (base 2) in base 14?
-3683
-5250 (base 6) to base 7
-3306
Convert -32101 (base 5) to base 13.
-c96
Convert -1541 (base 6) to base 3.
-120121
What is -88f (base 16) in base 10?
-2191
-101010110110 (base 2) to base 8
-5266
-2252 (base 9) to base 14
-871
Convert -18d9b (base 15) to base 8.
-235470
-1854 (base 11) to base 12
-1446
-541 (base 9) to base 2
-110111010
Convert -1110001001 (base 2) to base 4.
-32021
33765 (base 8) to base 16
37f5
What is -86 (base 16) in base 2?
-10000110
What is -7962 (base 16) in base 14?
-b478
What is -247 (base 12) in base 3?
-110201
What is -3254 (base 6) in base 4?
-23302
What is -280 (base 14) in base 7?
-1320
36d (base 15) to base 11
648
5831 (base 13) to base 5
344002
Convert 11102010 (base 3) to base 12.
1a40
714 (base 13) to base 3
1122110
Convert 298 (base 16) to base 10.
664
What is 21023002 (base 4) in base 14?
d998
Convert -43242 (base 5) to base 4.
-232003
What is -1071 (base 10) in base 15?
-4b6
28ca (base 13) to base 8
13430
21102111 (base 3) to base 16
1525
What is 411 (base 14) in base 10?
799
Convert 121100112 (base 3) to base 13.
5570
What is 814 (base 11) in base 9?
1312
Convert 10212111012 (base 3) to base 13.
28895
Convert -13130320 (base 4) to base 6.
-353144
8410 (base 11) to base 16
2b87
-22f (base 16) to base 12
-3a7
What is -10010121 (base 3) in base 8?
-4354
Convert -6275 (base 9) to base 8.
-10774
What is 496 (base 14) in base 8?
1624
4405 (base 7) to base 9
2137
1033233 (base 4) to base 3
21000000
2442 (base 6) to base 14
310
What is 2051 (base 6) in base 13?
298
What is -201002 (base 3) in base 16?
-203
Convert -211022 (base 3) to base 14.
-310
What is -212330 (base 6) in base 15?
-5256
-1784 (base 16) to base 12
-3598
-14 (base 5) to base 12
-9
Convert 22132 (base 8) to base 10.
9306
What is -408 (base 9) in base 13?
-1c7
-486 (base 13) to base 9
-1063
Convert 1144 (base 9) to base 15.
3ba
Convert 1860 (base 9) to base 13.
861
What is -1201101 (base 3) in base 7?
-3436
33115 (base 6) to base 10
4583
-7bb (base 13) to base 14
-6b7
4167 (base 9) to base 14
1186
Convert -1034314 (base 5) to base 9.
-26723
Convert -144 (base 11) to base 12.
-121
Convert -94db (base 15) to base 8.
-75371
Convert 21200120 (base 3) to base 7.
22224
Convert -222110221 (base 3) to base 8.
-45547
What is 3320444 (base 5) in base 7?
330000
What is -1705 (base 10) in base 8?
-3251
What is 118 (base 16) in base 11?
235
Convert 1452 (base 12) to base 3.
10020122
101221 (base 3) to base 8
447
-11101010110 (base 2) to base 9
-2516
Convert -113040 (base 6) to base 15.
-2d49
What is 52632 (base 8) in base 6?
245242
What is 480 (base 15) in base 6?
4420
Convert -1 (base 9) to base 8.
-1
What is 1561 (base 7) in base 11?
524
Convert -3002 (base 6) to base 4.
-22022
Convert -100000011 (base 2) to base 4.
-10003
1005 (base 12) to base 13
a34
What is -5864 (base 12) in base 7?
-40525
20302132 (base 4) to base 15
a9ed
Convert -647 (base 12) to base 11.
-766
-110404 (base 9) to base 3
-10100110011
2332 (base 10) to base 12
1424
What is -1111000001 (base 2) in base 12?
-681
Convert -290 (base 12) to base 10.
-396
Convert 6941 (base 15) to base 11.
15866
What is 864 (base 9) in base 10?
706
What is -315620 (base 7) in base 8?
-153075
-9a8 (base 11) to base 8
-2267
What is be76 (base 16) in base 10?
48758
What is 8d7 (base 16) in base 6?
14251
-67b0 (base 13) to base 6
-151100
544 (base 8) to base 13
215
What is 56a6 (base 11) in base 12?
4409
What is 2543b (base 12) in base 8?
143057
Convert -1120220200 (base 3) to base 11.
-21560
What is 60301 (base 7) in base 15?
44a4
-640 (base 15) to base 4
-112002
-508 (base 11) to base 6
-2501
100001101001101 (base 2) to base 8
41515
-21014 (base 6) to base 2
-101100000010
What is -102122110 (base 3) in base 16?
-212a
32431 (base 5) to base 8
4301
What is -8273 (base 11) in base 2?
-10101011011010
Convert -101540 (base 8) to base 13.
-12401
Convert 559 (base 16) to base 7.
3664
-12316 (base 7) to base 10
-3247
Convert 53 (base 16) to base 7.
146
Convert 31231 (base 5) to base 4.
200102
Convert -2111000 (base 3) to base 8.
-3421
What is 1421 (base 6) in base 11?
30a
What is -2341421 (base 5) in base 10?
-43361
Convert 1030331 (base 4) to base 7.
20234
Convert -32032 (base 5) to base 6.
-13530
What is -ada3 (base 15) in base 12?
-19390
What is 13660 (base 12) in base 7?
141204
Convert 2922 (base 12) to base 2.
1001010101010
What is -1001101101 (base 2) in base 5?
-4441
What is 203626 (base 7) in base 10?
34957
Convert -100000111110 (base 2) to base 8.
-4076
Convert 1149 (base 13) to base 12.
14a3
-101011 (base 2) to base 16
-2b
Convert 160 (base 8) to base 9.
134
What is 23103 (base 4) in base 9?
883
What is 12ab (base 12) in base 10?
2147
451431 (base 6) to base 16
944b
Convert -111 (base 3) to base 13.
-10
What is 2010000 (base 3) in base 5?
22124
-101f (base 16) to base 4
-1000133
What is 177 (base 13) in base 4?
10023
What is -4405 (base 10) in base 7?
-15562
What is 458 (base 14) in base 11?
714
What is 1020132 (base 4) in base 14?
1994
Convert 31a (base 15) to base 3.
221221
Convert -1750 (base 13) to base 11.
-2652
What is -310300 (base 5) in base 12?
-59b7
What is 1000101111100 (base 2) in base 12?
2710
956a (base 12) to base 16
3fe2
What is 501 (base 12) in base 16?
2d1
Convert -2b65 (base 16) to base 7.
-44250
Convert -1011323 (base 4) to base 15.
-14d5
What is -22020 (base 3) in base 15?
-ec
What is 104 (base 16) in base 3?
100122
Convert 532 (base 8) to base 7.
1003
534 (base 7) to base 14
154
What is 106130 (base 7) in base 2?
100100111110111
13714 (base 13) to base 8
107000
What is 73 (base 13) in base 3?
10111
673 (base 11) to base 6
3422
Convert 25012 (base 9) to base 16.
418a
2404 (base 6) to base 4
21010
Convert -1727 (base 12) to base 7.
-11032
-2213431 (base 5) to base 10
-38616
1113321 (base 4) to base 10
5625
5461 (base 7) to base 13
b74
What is b8 (base 15) in base 8?
255
Convert 67a9 (base 12) to base 7.
45354
154b (base 